usands digit of g(-14)?
1
Let t = 38 + -23. What is the units digit of 62/3*(t + -12)?
2
Suppose 0 = 2*s + n + 6, 3*n + 14 = -5*s. Let z = s + 6. Suppose -115 = z*m - 7*m. What is the units digit of m?
3
Suppose -3 - 7 = -2*f. Let h(j) = -j**2 + 4*j + 1. Let p be h(f). What is the units digit of p/14 + 255/35?
7
Suppose -2*o - o = -12. Let x be (o/10)/(3/405). Suppose 21 = 5*s - x. What is the tens digit of s?
1
Let y be (-8 - -12) + 0 + -11. Let d(f) = 3*f**2 + 6*f - 7. What is the units digit of d(y)?
8
Let z be 1/(-3) + 84/36. Suppose 0 = -0*r + 4*r - 80. Let u = z + r. What is the tens digit of u?
2
Let o be (-5 - -2)*-2*(-2)/4. What is the tens digit of -2 - (1 - o)*508/(-8)?
5
Suppose 0 = 3*c - 2*z - 10, z = -c - 4*z + 9. Suppose -w = -2*o - 3, 3*w = o - c*o + 18. What is the tens digit of (4 - 1) + (w - -5)?
1
Suppose 0 = 4*i + 5*z - 12, 2*z + 3 - 5 = -3*i. What is the tens digit of i/(3 - (-426)/(-141))?
9
Let u be (-2 - (2 + 2708))/(-1). Let x be (-2)/(-10) - u/60. What is the units digit of (-2)/5 - 2178/x?
8
Let u(p) = -p**3 - 11*p**2 - 30*p - 37. What is the hundreds digit of u(-12)?
4
Suppose 4*s = -4*s + 352. What is the units digit of 8/((-64)/(-6))*s?
3
What is the hundreds digit of (-1)/3 + (-184741)/(-111)?
6
Suppose 2*r - 123 = r - 5*w, -3*r + 5*w + 409 = 0. Suppose -2*q + r = -3*l, l - 324 = -3*q - 2*q. What is the tens digit of q?
6
Suppose 6739 = 6*k + 1891. What is the hundreds digit of k?
8
Let y be 23*(4/(-12))/(3/(-99)). Suppose 4*z = y + 223. What is the hundreds digit of z?
1
Let t(i) = 4*i**3 + i**2 + 2*i + 1 + 3*i - 7*i. Let m(v) = 4*v**3 + 2*v**2 - v. Let x(d) = -2*m(d) + 3*t(d). What is the units digit of x(2)?
3
Let s(f) = 2*f + 32. Let z be s(-14). What is the tens digit of 1027/26 - 2/z?
3
Suppose -4*o + 130 = -1486. Suppose 3*k + i - o = -3*i, 2*k + i - 276 = 0. Let x = -96 + k. What is the units digit of x?
4
Let h = -385 - -576. What is the units digit of h?
1
Let v(x) be the second derivative of x**5/10 - 5*x**4/12 + 7*x**3/6 - 6*x**2 + 16*x. What is the units digit of v(5)?
8
Let i(l) = 6*l**2 + l - 44. Let v(a) = -7*a**2 - a + 44. Let n(u) = 5*i(u) + 4*v(u). What is the hundreds digit of n(10)?
1
Let p(t) = t**3 - 8*t**2 - 15*t + 15. Let m be p(10). Suppose m*q - 66*q = -162. What is the units digit of q?
2
Let j = 25 - 25. Suppose 0 = -4*y + 8, c - 52 = -j*c + 4*y. Let d = c + -32. What is the tens digit of d?
2
Let t(j) = j**2 - 4*j + 7. Let p be (-56)/(-21) + 2/6. Let g be t(p). Suppose 12 - 34 = -g*l - 2*k, 0 = -5*l + k + 10. What is the units digit of l?
3
Let u be (-3)/(-4 + (-135)/(-33)). Let q = u + 49. What is the units digit of q?
6
Suppose 0 = -4*b - b + s + 17410, -2*b + 3*s + 6951 = 0. What is the tens digit of b?
8
Suppose -2*c + c = -4. Suppose -c*j = -j - 75. Suppose -j*v + 176 = -21*v. What is the tens digit of v?
4
Let u(v) = -8*v + 32*v**2 + 0*v - 6*v**2 + 7*v. What is the tens digit of u(1)?
2
Suppose -w = -237 - 359. What is the units digit of w?
6
Let h(m) = m**3 + 12*m**2 + 14*m + 1. Let v be h(-10). Suppose 4*n - 160 = -o, n = o + 3*o + 23. Let z = v - n. What is the tens digit of z?
2
Suppose -356 = 4*m - 1908. What is the units digit of m?
8
What is the hundreds digit of 766/3 + 18/27 + -5?
2
Let x be ((-4)/10)/(3/(-15)). Suppose 224 = x*f + 4*l - 0*l, 5*l = -2*f + 228. Suppose -2*o = 2*o - f. What is the tens digit of o?
2
Let r be 1 + 0 + -1 + 4. Suppose r*t - 456 = 36. Suppose -5*z + t = 4*x, 3*z + 6 - 77 = -x. What is the tens digit of z?
2
Let x(g) = -g**3 + 11*g**2 - 17*g + 15. Let r(b) = b - 1. Let i(t) = -3*r(t) - x(t). Let q be i(10). What is the units digit of ((-35)/q)/(1/(-4))?
5
Let s(g) = 3*g**3 + 4*g**2 + g + 2. Let i(m) = 7*m**3 + 8*m**2 + 3*m + 4. Let y(t) = 4*i(t) - 9*s(t). What is the tens digit of y(6)?
8
Suppose -4*h + 0*h = -192. Let m = -45 + h. What is the units digit of m?
3
Let t(d) be the first derivative of -3*d - 8 + d**2 + 1/3*d**3. What is the tens digit of t(5)?
3
Let r = 63 - 63. Suppose r = 4*x + f - 90, -x = -0*x - f - 20. What is the tens digit of x?
2
Let h(m) = -530*m + 12. What is the units digit of h(-1)?
2
Suppose 520 = -8*z + 12*z - 4*w, 5*z - w = 646. What is the hundreds digit of z?
1
Suppose 4*r = -4*l + 1104, -2*r + 560 = 5*l - 826. What is the hundreds digit of l?
2
Suppose 1557 = -5*v + 8*v. What is the hundreds digit of v?
5
Let h(f) = f**3 - 4*f**2 - 3*f. Let d = -22 + 46. Let o = d - 19. What is the tens digit of h(o)?
1
Let d(w) = -1 + w**2 - 3*w + 2*w + 0*w + 4*w**3 - 38*w**3. Let m be d(-1). What is the tens digit of (2 - -1)*m/5?
2
Suppose 1 = 2*w + 3, g - w = 8. Let l = g + -12. What is the units digit of ((-2)/l)/((-2)/(-20))?
4
Let w(o) be the second derivative of o**2 + 1/12*o**4 + 1/20*o**5 - 1/3*o**3 + 0 - 3*o. What is the tens digit of w(3)?
3
Let x(r) = 39*r**2 + 97 - 38*r**2 - r - 3*r. What is the tens digit of x(0)?
9
Let h(g) = 11*g**2 - 3 + 4*g - g - 5*g. What is the units digit of h(-2)?
5
Let i = -14 + 21. Let w(m) = 12*m - 26. What is the units digit of w(i)?
8
Let w be -1 + 3 + -3 + -3 + -2. What is the tens digit of (-3 + 6)/w*-126?
6
Suppose -u - 1467 = -2*r - 182, r = 2*u + 650. What is the hundreds digit of r?
6
Let a(b) = -b**2 + 4*b + 9. Let r be a(5). Suppose -5*h - 17 = -2*s - 139, r*s + 28 = h. Let y = 3 + h. What is the tens digit of y?
2
Let q(a) = -a**2 - 8*a + 10. Suppose 4*l + 60 = -5*z, 5*z + 1 = 3*l - 24. What is the units digit of q(z)?
0
Let b(y) = -2*y**2 + 17*y - 6. Let w be b(8). Suppose -113 - 33 = -3*d - w*l, 2*l = -d + 50. What is the units digit of d?
8
Let d(u) = -314*u + 17. What is the units digit of d(-3)?
9
Let n = 22 - 22. Let y = n - -72. What is the units digit of y?
2
Let t = 21 - 27. Let k be (-66 - -1)*t/10. What is the tens digit of k*(-3 - -2 - -2)?
3
Suppose 5834 = -10*o + 16634. What is the tens digit of o?
8
Let p(y) = -y - 14. Suppose 3*h - 55 = 8*h. Let c be p(h). What is the tens digit of (c - (2 + -12))*2?
1
Suppose 0*z = -4*z. Suppose 9*q - 6*q - 57 = z. Let l = q + -9. What is the units digit of l?
0
Let g be 193 + 0 - (-4)/(-2). Suppose -2*y - 4*v + 157 = -213, -y = -v - g. What is the hundreds digit of y?
1
Let a be ((-9)/4)/((-3)/(-104)). Let z = a - -175. What is the tens digit of z?
9
Let b(o) = -7*o**3 - o**2 + 7*o - 24. What is the hundreds digit of b(-6)?
4
Suppose -33*i + 12066 = -2256. What is the tens digit of i?
3
Suppose 0*n - 5999 = -2*h - 5*n, 4*n = -4*h + 11980. What is the units digit of h?
2
Let d(f) = -86*f + 24. What is the tens digit of d(-6)?
4
Suppose 9*g - 13*g = -1152. Suppose 5*d = 4*r - g - 36, -2*d = r - 68. What is the tens digit of r?
7
Suppose -624 = -7*h + 2141. What is the tens digit of h?
9
Suppose -269426 + 64474 = -88*m. What is the thousands digit of m?
2
Let v(f) = f**3 + 6*f**2 - 3*f - 14. Let m be v(-6). Suppose -2 = -j + p, 3*p - 19 = -4*j - m. Let i(r) = 3*r**2 - 7. What is the tens digit of i(j)?
2
Suppose 3*l - 10 = -k, -l = -k + 3*k - 5. Suppose -4*w - k = -5. What is the units digit of w?
1
Suppose -l - 5 = 1. Suppose -16*b = -13*b - 2*v + 1031, 0 = 3*b - 4*v + 1027. What is the units digit of b/(-20)*(-16)/l?
6
Suppose -5*h + 2197 = -4*y, -3*y = 4*h - 0*y - 1739. What is the tens digit of h?
3
Let m be -13 - -11 - (-6)/1. Suppose 2*q = 4*w + 158, m*q - 358 + 57 = 5*w. What is the tens digit of q?
6
Let x(j) = -2*j - 2. Let h be -1*(3 - 8) - 1. Let c be x(h). Let q = 16 - c. What is the tens digit of q?
2
What is the units digit of ((-42)/10)/(-9 + 1570/175)?
7
Suppose 3*g = -0*g + 9. Let d(w) = g + 3*w + 5*w - 1. What is the tens digit of d(4)?
3
Suppose 2*a + s - 2*s - 111 = 0, 199 = 3*a + 5*s. What is the units digit of a?
8
Let i = 6 - 24. Let r be (-31)/(-6) + 3/i. Suppose 97 + 28 = r*w. What is the tens digit of w?
2
Suppose 2*j + 80 = 356. Suppose p = -c + j, -p = 4*p + 2*c - 681. What is the hundreds digit of p?
1
What is the tens digit of ((-651)/84)/((-2)/24)?
9
Let g(m) = 6*m**2 - 2*m - 2. Let x be g(2). Suppose j = 4*j + x. What is the units digit of 27/j*56/(-12)?
1
Let u(f) = 40*f**3 - 4*f**2 + 5*f - 6. Let b be 6/21 + (-72)/(-42). What is the units digit of u(b)?
8
Let z be 2/(6/(-9)) + (89 - -1). Let j(w) = -w**2 - w. Let m be j(0). Suppose m = 2*h + 19 - z. What is the units digit of h?
4
Let h 